{"id":63,"date":"2017-05-16T16:19:29","date_gmt":"2017-05-16T16:19:29","guid":{"rendered":"http:\/\/stepinacskola.azurewebsites.net\/?page_id=63"},"modified":"2017-07-28T22:27:56","modified_gmt":"2017-07-29T04:27:56","slug":"pen-pals","status":"publish","type":"page","link":"https:\/\/kardinalstepinacchicago.org\/hr\/pen-pals\/","title":{"rendered":"Dopisivanje"},"content":{"rendered":"<figure id=\"attachment_143\" aria-describedby=\"caption-attachment-143\" style=\"width: 340px\" class=\"wp-caption alignright\"><img loading=\"lazy\" decoding=\"async\" class=\"wp-image-143 lazyload\" data-src=\"\/wp-content\/uploads\/2017\/05\/IMG_2956-300x225.jpg\" alt=\"\" width=\"340\" height=\"255\" data-srcset=\"\/wp-content\/uploads\/2017\/05\/IMG_2956-300x225.jpg 300w, \/wp-content\/uploads\/2017\/05\/IMG_2956-768x576.jpg 768w, \/wp-content\/uploads\/2017\/05\/IMG_2956-1024x768.jpg 1024w\" data-sizes=\"auto, (max-width: 340px) 100vw, 340px\" src=\"data:image\/gif;base64,R0lGODlhAQABAAAAACH5BAEKAAEALAAAAAABAAEAAAICTAEAOw==\" style=\"--smush-placeholder-width: 340px; --smush-placeholder-aspect-ratio: 340\/255;\" \/><noscript><img loading=\"lazy\" decoding=\"async\" class=\"wp-image-143 \" src=\"\/wp-content\/uploads\/2017\/05\/IMG_2956-300x225.jpg\" alt=\"\" width=\"340\" height=\"255\" srcset=\"\/wp-content\/uploads\/2017\/05\/IMG_2956-300x225.jpg 300w, \/wp-content\/uploads\/2017\/05\/IMG_2956-768x576.jpg 768w, \/wp-content\/uploads\/2017\/05\/IMG_2956-1024x768.jpg 1024w\" sizes=\"auto, (max-width: 340px) 100vw, 340px\" \/><\/noscript><figcaption id=\"caption-attachment-143\" class=\"wp-caption-text\">Slatki paketi\u0107 s pismima od <span style=\"font-weight: 400;\">na\u0161ih\u00a0<\/span>prijatelja iz \u0160vicarske<\/figcaption><\/figure>\n<p><span style=\"font-weight: 400;\">U sije\u010dnju 2015. godine, u\u010denici na\u0161e \u0161kole su se po\u010deli dopisivati s u\u010denicima Hrvatske nastave u \u0160vicarskoj konfederaciji. Na\u0161i u\u010denici su od tada razmijenili preko stotinu prekrasnih pisama sa svojim vr\u0161njacima u \u0160vicarskoj, od vrti\u0107ke dobi do 8. razreda. Neki u\u010denici su iskoristili prvotna pisma u svrhu daljeg povezivanja putem e-maila i\/ili Skype-a, dok drugi u\u017eivaju u novootkrivenom staromodnom na\u010dinu komunikacije &#8211; pisanju i slanju pravih pisama!<\/span><\/p>\n<p><span style=\"font-weight: 400;\">Prijateljstvo na\u0161ih u\u010denika s u\u010denicima hrvatske dopunske nastave u \u0160vicarskoj nam je dalo uvid u jednu novu kulturu i jezike (i ukusnu \u010dokoladu!). Ono je tako\u0111er pomoglo na\u0161im u\u010denicima u vje\u017ebanju vje\u0161tine pisanja na hrvatskome jeziku. Veselimo se jo\u0161 mnogim budu\u0107im razmijenjenim pismima s na\u0161im europskim prijateljima!<\/span><\/p>\n<p><span style=\"font-weight: 400;\">Ako va\u0161e dijete \u017eeli sudjelovati u na\u0161em projektu dopisivanja, molimo vas da se obrati svojoj u\u010diteljici\/u\u010ditelju, koja\/i \u0107e onda obavijestiti na\u0161eg koordinatora dopisivanja.<\/span><\/p>\n<p>Vi\u0161e o na\u0161im prijateljima u \u0160vicarskoj mo\u017eete pro\u010ditati na njihovoj <a href=\"http:\/\/www.hds-ch.com\/\">web stranici<\/a>.<\/p>\n<p>&nbsp;<\/p>\n<p>&nbsp;<\/p>\n","protected":false},"excerpt":{"rendered":"<p>U sije\u010dnju 2015. godine, u\u010denici na\u0161e \u0161kole su se po\u010deli dopisivati s u\u010denicima Hrvatske nastave u \u0160vicarskoj konfederaciji. Na\u0161i u\u010denici su od tada razmijenili preko stotinu prekrasnih pisama sa svojim vr\u0161njacima u \u0160vicarskoj, od vrti\u0107ke dobi do 8. razreda. Neki u\u010denici su iskoristili prvotna pisma u svrhu daljeg povezivanja putem e-maila i\/ili Skype-a, dok drugi [&hellip;]<\/p>\n","protected":false},"author":1,"featured_media":0,"parent":0,"menu_order":0,"comment_status":"closed","ping_status":"closed","template":"","meta":{"footnotes":""},"class_list":["post-63","page","type-page","status-publish","hentry","latest_post"],"_links":{"self":[{"href":"https:\/\/kardinalstepinacchicago.org\/hr\/wp-json\/wp\/v2\/pages\/63","targetHints":{"allow":["GET"]}}],"collection":[{"href":"https:\/\/kardinalstepinacchicago.org\/hr\/wp-json\/wp\/v2\/pages"}],"about":[{"href":"https:\/\/kardinalstepinacchicago.org\/hr\/wp-json\/wp\/v2\/types\/page"}],"author":[{"embeddable":true,"href":"https:\/\/kardinalstepinacchicago.org\/hr\/wp-json\/wp\/v2\/users\/1"}],"replies":[{"embeddable":true,"href":"https:\/\/kardinalstepinacchicago.org\/hr\/wp-json\/wp\/v2\/comments?post=63"}],"version-history":[{"count":14,"href":"https:\/\/kardinalstepinacchicago.org\/hr\/wp-json\/wp\/v2\/pages\/63\/revisions"}],"predecessor-version":[{"id":900,"href":"https:\/\/kardinalstepinacchicago.org\/hr\/wp-json\/wp\/v2\/pages\/63\/revisions\/900"}],"wp:attachment":[{"href":"https:\/\/kardinalstepinacchicago.org\/hr\/wp-json\/wp\/v2\/media?parent=63"}],"curies":[{"name":"wp","href":"https:\/\/api.w.org\/{rel}","templated":true}]}}

<figure id="attachment_143" aria-describedby="caption-attachment-143" style="width: 340px" class="wp-caption alignright"><img loading="lazy" decoding="async" class="wp-image-143 lazyload" data-src="/wp-content/uploads/2017/05/IMG_2956-300x225.jpg" alt="" width="340" height="255" data-srcset="/wp-content/uploads/2017/05/IMG_2956-300x225.jpg 300w, /wp-content/uploads/2017/05/IMG_2956-768x576.jpg 768w, /wp-content/uploads/2017/05/IMG_2956-1024x768.jpg 1024w" data-sizes="auto, (max-width: 340px) 100vw, 340px" src="data:image/gif;base64,R0lGODlhAQABAAAAACH5BAEKAAEALAAAAAABAAEAAAICTAEAOw==" style="--smush-placeholder-width: 340px; --smush-placeholder-aspect-ratio: 340/255;" /><noscript><img loading="lazy" decoding="async" class="wp-image-143 " src="/wp-content/uploads/2017/05/IMG_2956-300x225.jpg" alt="" width="340" height="255" srcset="/wp-content/uploads/2017/05/IMG_2956-300x225.jpg 300w, /wp-content/uploads/2017/05/IMG_2956-768x576.jpg 768w, /wp-content/uploads/2017/05/IMG_2956-1024x768.jpg 1024w" sizes="auto, (max-width: 340px) 100vw, 340px" /></noscript><figcaption id="caption-attachment-143" class="wp-caption-text">Slatki paketić s pismima od <span style="font-weight: 400;">naših </span>prijatelja iz Švicarske</figcaption></figure>
<p><span style="font-weight: 400;">U siječnju 2015. godine, učenici naše škole su se počeli dopisivati s učenicima Hrvatske nastave u Švicarskoj konfederaciji. Naši učenici su od tada razmijenili preko stotinu prekrasnih pisama sa svojim vršnjacima u Švicarskoj, od vrtićke dobi do 8. razreda. Neki učenici su iskoristili prvotna pisma u svrhu daljeg povezivanja putem e-maila i/ili Skype-a, dok drugi uživaju u novootkrivenom staromodnom načinu komunikacije &#8211; pisanju i slanju pravih pisama!</span></p>
<p><span style="font-weight: 400;">Prijateljstvo naših učenika s učenicima hrvatske dopunske nastave u Švicarskoj nam je dalo uvid u jednu novu kulturu i jezike (i ukusnu čokoladu!). Ono je također pomoglo našim učenicima u vježbanju vještine pisanja na hrvatskome jeziku. Veselimo se još mnogim budućim razmijenjenim pismima s našim europskim prijateljima!</span></p>
<p><span style="font-weight: 400;">Ako vaše dijete želi sudjelovati u našem projektu dopisivanja, molimo vas da se obrati svojoj učiteljici/učitelju, koja/i će onda obavijestiti našeg koordinatora dopisivanja.</span></p>
<p>Više o našim prijateljima u Švicarskoj možete pročitati na njihovoj <a href="http://www.hds-ch.com/">web stranici</a>.</p>
<p>&nbsp;</p>
<p>&nbsp;</p>

<p>U siječnju 2015. godine, učenici naše škole su se počeli dopisivati s učenicima Hrvatske nastave u Švicarskoj konfederaciji. Naši učenici su od tada razmijenili preko stotinu prekrasnih pisama sa svojim vršnjacima u Švicarskoj, od vrtićke dobi do 8. razreda. Neki učenici su iskoristili prvotna pisma u svrhu daljeg povezivanja putem e-maila i/ili Skype-a, dok drugi [&hellip;]</p>
